 - 4*x + 5*o = -70, 158 = 5*x - 4*o. Let q be 1/3 + 50/x. Let r be 130 + 2 + -2 + q. What is the greatest common divisor of r and 12?
12
Let d = 11 - -7. Suppose 0 = -2*n - n - 3*o + d, 3*o = n + 10. Suppose -n = -2*r + r, 4*t - 150 = 5*r. Calculate the greatest common divisor of t and 16.
8
Suppose 3*h - 7*h + 144 = 0. Suppose m + 4 = 5, 2*m = 4*r - 46. What is the highest common factor of h and r?
12
Let l(x) = x**2 - 9*x - 6. Suppose 8*y = 11*y + 24. Let g be l(y). Let r be (4 + 16/(-5))*65. Calculate the greatest common factor of r and g.
26
Suppose -3*g + 3 + 42 = 0. Let h = 15 + g. What is the highest common factor of 10 and h?
10
Suppose -252 - 650 = -22*g. What is the greatest common factor of 656 and g?
41
Let k(n) = 15*n - 331. Let c be k(23). Let q be 280/(-4)*(-6)/4. Suppose 3*o = q + 21. What is the highest common divisor of c and o?
14
Suppose 0 = -13*f - 366 + 3070. What is the greatest common factor of f and 52?
52
Suppose 19*a + 335 = 9227. What is the greatest common factor of 104 and a?
52
Suppose 3*m + 10 - 7 = 0, 4*m = -2*q + 82. What is the greatest common factor of 473 and q?
43
Let r = -12 + 3. Let j(v) = v**3 + 10*v**2 + 5*v - 12. Let p be j(r). Let k be (9/(-6))/(2/(-4)). Calculate the highest common divisor of p and k.
3
Let z = 7 - 4. Suppose 0*d - 1176 = -z*d. Let k be d/22 - (-4)/22. Calculate the greatest common divisor of 6 and k.
6
Let l = 1 - 1. Suppose 4*s - 4 - 12 = l. Suppose 0 = 18*f + 153*f - 577 - 107. Calculate the greatest common divisor of f and s.
4
Suppose -4*x + 2 = d - 347, -3*d = -5*x - 1132. Calculate the highest common divisor of d and 82.
41
Suppose 3*c + 2*c = 90. Let t = 46 - 10. What is the highest common factor of c and t?
18
Let o = -600 - -602. Calculate the greatest common divisor of o and 272.
2
Let o be (-3)/8*-44 - 3/(-2). Let s be 5/(-20) + (-37)/(-4). Suppose -2*z + s = -9. Calculate the highest common factor of o and z.
9
Let j be 0 + 0 + (4 - 2). Suppose 0 = -5*r + 2*q + 53, 0 = q + j + 2. Calculate the highest common divisor of r and 9.
9
Let g be (26 - 23) + 117/1. What is the highest common divisor of g and 168?
24
Suppose 3*n - b + 666 = -763, 0 = n - b + 475. Let c be n/(-30) - 9/(-90). Let l = -5 + 13. What is the highest common factor of c and l?
8
Suppose -3*n + 0*n = 0. Suppose -4*z - 2*f + 4 = 0, -2 = -5*z - n*f - 4*f. Suppose 7*u - z*u - 15 = 0. What is the highest common factor of u and 21?
3
Let n = 76 + -48. What is the greatest common factor of 266 and n?
14
Suppose -130*g = -141*g + 22. What is the greatest common divisor of g and 98?
2
Let q = -4 - -7. Suppose -14 - 25 = -13*p. Calculate the highest common divisor of q and p.
3
Let l(s) = 58*s + 691. Let y be l(-11). What is the highest common divisor of 4399 and y?
53
Let y(i) = -i**3 + 20*i**2 - 19*i + 5. Let p be y(19). Suppose 2*m - 44 = p*j, -5*j - 8 = -4*m + 5*m. Calculate the highest common divisor of 108 and m.
12
Let n = 56 - 24. Let q = 433 + -417. What is the greatest common factor of q and n?
16
Suppose 0 = 5*s - 14*x + 9*x - 95, -x = -3. What is the greatest common factor of s and 55?
11
Let n(l) = 5*l**3 + 2*l**2 - 1. Let u(t) = -4*t**3 - t**2. Let r(w) = -3*n(w) - 4*u(w). Let h be r(3). What is the greatest common factor of h and 132?
12
Let m(v) = -v**2 - 4*v + 94. Let s be m(7). What is the highest common factor of s and 289?
17
Suppose 2428 = j - 5*d + 10*d, -5*d = -5*j + 12020. Calculate the greatest common divisor of j and 56.
56
Let u(g) = -13*g**3 - 2*g**2 + 1. Let w be u(-1). Suppose 52*n = 60*n - 384. What is the highest common factor of n and w?
12
Let z = -207 - -627. Calculate the highest common factor of 60 and z.
60
Let y = -18 + 34. Let q = y - 10. Let m = -138 + 204. What is the greatest common factor of m and q?
6
Let i(n) = n**2 - 36*n + 75. Let d be i(2). What is the highest common factor of 84 and d?
7
Let q(p) = p**2 + 18*p + 78. Let w be q(-12). Let b be (5 - 17)*(-44)/w. Suppose 2*m = 2, -3*m + 16 = 2*u - 9. Calculate the highest common divisor of b and u.
11
Let j = 967 + 2408. Calculate the highest common divisor of 75 and j.
75
Let k = 11 + -6. Let q(p) = -p**2 - 9*p - 3. Let v be q(-8). Suppose -4*s = -k*j + 179, s = -v*j + 6*s + 180. Calculate the highest common factor of j and 7.
7
Suppose -1160 = -16*r - 392. Calculate the highest common divisor of r and 72.
24
Suppose -3*d + 4788 = 73*d. Calculate the greatest common factor of 693 and d.
63
Let u = 13 - 13. Suppose u = -2*a + 6*a. Let g be (0 - -1)*(a - -24). Calculate the highest common factor of 96 and g.
24
Let w be (-7)/((-28)/12) - -7. Calculate the highest common factor of w and 135.
5
Let v = -30 - -66. Suppose -5*u + 1 + 75 = -2*p, 4*p - 56 = -3*u. Let b = u - 12. What is the greatest common divisor of v and b?
4
Let k(r) = r**3 - 16*r**2 + 15*r - 2. Let c be k(14). Let l = 67 - c. Let f be l/7 - (-8)/56. Calculate the highest common divisor of f and 12.
12
Suppose 4*t + s + 8 = 5*t, -5*s = 5*t - 20. Let d be 340/3 - (-8)/12. What is the greatest common divisor of d and t?
6
Let b = 52 + 63. What is the highest common factor of 69 and b?
23
Let r(q) = -q**3 - 8*q**2 + 9*q + 2. Let c be r(-9). Let o be (21/c)/(1/12). Let u be 4/10*(-105)/(-3). Calculate the highest common divisor of u and o.
14
Let r(p) = p**2 - 18*p - 1. Let s be r(18). Let n = s - -17. Calculate the highest common factor of n and 4.
4
Let x be (-10 + 9)/(2/(-540)*2). Suppose 4*w - 160 = -5*m, 0 = 2*w + 4*m - 11 - 63. What is the greatest common divisor of w and x?
45
Let u(a) = 4*a**2 - 2*a - 16. Let h be u(4). Suppose h = -0*r + 5*r. What is the greatest common factor of r and 64?
8
Let k(f) = 9*f - 75. Let z be k(13). What is the greatest common factor of 518 and z?
14
Suppose 2*a + 0 = 2. Let b(l) = 54*l + 2. Let z be b(a). Let x be (-1)/(-3) + 40/6. Calculate the greatest common divisor of z and x.
7
Suppose f - 2*s - 148 = 0, 5*f + s = 2*f + 465. Suppose 8*a - f = a. What is the greatest common factor of 242 and a?
22
Let x be ((-1575)/(-6))/21*(-8)/(-10). Calculate the greatest common divisor of x and 130.
10
Let o be (-13)/(5/75*-3) - 1. Calculate the greatest common divisor of 104 and o.
8
Suppose 21 = -5*p + 66. Let z be -11 + p - -11*2. What is the greatest common factor of 40 and z?
20
Suppose 5*z = 865 + 325. What is the greatest common factor of 28 and z?
14
Let k be 18/8 - 2/8. Let i = -27 + 32. Suppose i*w - 3*m - 18 = 0, -3*w - 2*m = k*m - 5. What is the greatest common factor of w and 6?
3
Suppose 2 - 4 = -2*h. Let t be 5 + 7/7 + -2. Suppose 0 = 3*f - 2*a - 78, 13 - h = t*a. What is the greatest common factor of 196 and f?
28
Suppose -3*p + 2*q + 66 + 49 = 0, 4*p - 172 = -2*q. What is the highest common divisor of p and 287?
41
Suppose -4*f + 5*d = -173, 8*f = 5*f + 5*d + 126. What is the highest common factor of f and 423?
47
Suppose 0 = 993*w - 978*w - 315. What is the greatest common factor of w and 189?
21
Let r = 445 - 431. Calculate the highest common divisor of r and 42.
14
Let l(n) = 93*n - 9. Let q be l(16). Calculate the highest common factor of 51 and q.
51
Suppose 125*s + 1200 = 137*s. Calculate the greatest common divisor of 160 and s.
20
Suppose 11*f = 6*f + 170. What is the greatest common factor of 425 and f?
17
Suppose t = -t + 26. Suppose -l = 3*c - 12, 2 - 1 = 2*c + 3*l. Let j(f) = 4*f**2 - f - 4. Let w be j(c). Calculate the greatest common divisor of t and w.
13
Suppose z - 7 = -a, 0 = -2*z - 4. Let q be (87/15)/(a/45). What is the greatest common divisor of q and 174?
29
Suppose 5*a + 1 = 11. Suppose -81 = -a*r + 45. What is the highest common factor of 21 and r?
21
Let n be (1*75*-2)/((-8)/8). What is the highest common divisor of 12 and n?
6
Let d(x) = 517*x**3 + 2*x**2 + 3*x - 4. Let j be d(1). What is the greatest common divisor of 74 and j?
74
Let i(w) = w**3 + 22*w**2 - 52*w - 56. Let c be i(-24). Suppose -9*o + c = -5*o. What is the highest common factor of 310 and o?
10
Suppose -21199 = 42*f - 85*f. Calculate the greatest common divisor of f and 17.
17
Let z = -242 - -314. What is the highest common divisor of 90 and z?
18
Let n = 827 - 822. Calculate the greatest common factor of n and 85.
5
Let i be 6/5*(-320)/(-6). Let c(u) = u**2 - u + 6. Let q be c(2). What is the highest common divisor